{"id":1273,"date":"2026-01-21T11:15:58","date_gmt":"2026-01-21T10:15:58","guid":{"rendered":"https:\/\/www.irisonlus.org\/?page_id=1273"},"modified":"2026-02-06T21:57:38","modified_gmt":"2026-02-06T20:57:38","slug":"entra-in-associazione","status":"publish","type":"page","link":"http:\/\/www.irisonlus.org\/?page_id=1273","title":{"rendered":"Entra in Associazione"},"content":{"rendered":"\n<h1 class=\"wp-block-heading has-text-align-center has-text-color has-link-color wp-elements-19a3a53fde9dc05b5b3b2e877d6d53e8\" style=\"color:#a9eb26;font-size:clamp(25.5px, 1.594rem + ((1vw - 3.2px) * 1.989), 43px);\">Entra in Associazione<\/h1>\n\n\n\n<div class=\"wp-block-media-text is-stacked-on-mobile\"><figure class=\"wp-block-media-text__media\"><img loading=\"lazy\" decoding=\"async\" width=\"740\" height=\"494\" src=\"https:\/\/www.irisonlus.org\/wp-content\/uploads\/2026\/01\/primo-piano-di-persone-volontarie-al-lavoro-di-squadra-che-mettono-il-dito-sulle-mani-a-forma-di-stella-insiemepila-di-maniunita-e-lavoro-di-squadra-nella-giornata-mondiale-dell-ambiente.avif\" alt=\"\" class=\"wp-image-1379 size-full\" srcset=\"http:\/\/www.irisonlus.org\/wp-content\/uploads\/2026\/01\/primo-piano-di-persone-volontarie-al-lavoro-di-squadra-che-mettono-il-dito-sulle-mani-a-forma-di-stella-insiemepila-di-maniunita-e-lavoro-di-squadra-nella-giornata-mondiale-dell-ambiente.avif 740w, http:\/\/www.irisonlus.org\/wp-content\/uploads\/2026\/01\/primo-piano-di-persone-volontarie-al-lavoro-di-squadra-che-mettono-il-dito-sulle-mani-a-forma-di-stella-insiemepila-di-maniunita-e-lavoro-di-squadra-nella-giornata-mondiale-dell-ambiente-300x200.avif 300w\" sizes=\"auto, (max-width: 740px) 100vw, 740px\" \/><\/figure><div class=\"wp-block-media-text__content\">\n<p class=\"has-fontsecondary-font-family has-superbfont-large-font-size\" style=\"letter-spacing:1px\">&#8220;Sappiamo cosa deve essere fatto: tutto ci\u00f2 che manca \u00e8 la volont\u00e0 di farlo&#8221;<\/p>\n\n\n\n<p class=\"has-fontsecondary-font-family has-superbfont-large-font-size\" style=\"letter-spacing:1px\">Nelson Mandela.<\/p>\n<\/div><\/div>\n\n\n\n<div data-wp-context=\"{ &quot;autoclose&quot;: false, &quot;accordionItems&quot;: [] }\" data-wp-interactive=\"core\/accordion\" role=\"group\" class=\"wp-block-accordion is-layout-flow wp-block-accordion-is-layout-flow\">\n<div data-wp-class--is-open=\"state.isOpen\" data-wp-context=\"{ &quot;id&quot;: &quot;accordion-item-1&quot;, &quot;openByDefault&quot;: false }\" data-wp-init=\"callbacks.initAccordionItems\" data-wp-on-window--hashchange=\"callbacks.hashChange\" class=\"wp-block-accordion-item is-layout-flow wp-block-accordion-item-is-layout-flow\">\n<h3 class=\"wp-block-accordion-heading\"><button aria-expanded=\"false\" aria-controls=\"accordion-item-1-panel\" data-wp-bind--aria-expanded=\"state.isOpen\" data-wp-on--click=\"actions.toggle\" data-wp-on--keydown=\"actions.handleKeyDown\" id=\"accordion-item-1\" type=\"button\" class=\"wp-block-accordion-heading__toggle\"><span class=\"wp-block-accordion-heading__toggle-title\">Per entrare in Associazione<\/span><span class=\"wp-block-accordion-heading__toggle-icon\" aria-hidden=\"true\">+<\/span><\/button><\/h3>\n\n\n\n<div inert aria-labelledby=\"accordion-item-1\" data-wp-bind--inert=\"!state.isOpen\" id=\"accordion-item-1-panel\" role=\"region\" class=\"wp-block-accordion-panel is-layout-flow wp-block-accordion-panel-is-layout-flow\">\n<ol class=\"wp-block-list\">\n<li>Contattaci alla <a href=\"https:\/\/www.irisonlus.org\/?page_id=43\" data-type=\"link\" data-id=\"https:\/\/www.irisonlus.org\/?page_id=43\">pagina dedicata<\/a><\/li>\n\n\n\n<li>Compila l&#8217;iscrizione con quota associativa di 15\u20ac<\/li>\n\n\n\n<li>Congratulazioni! sei un membro volontario dell&#8217;Associazione IRIS ODV!<\/li>\n<\/ol>\n<\/div>\n<\/div>\n<\/div>\n\n\n\n<div data-wp-context=\"{ &quot;autoclose&quot;: false, &quot;accordionItems&quot;: [] }\" data-wp-interactive=\"core\/accordion\" role=\"group\" class=\"wp-block-accordion is-layout-flow wp-block-accordion-is-layout-flow\">\n<div data-wp-class--is-open=\"state.isOpen\" data-wp-context=\"{ &quot;id&quot;: &quot;accordion-item-2&quot;, &quot;openByDefault&quot;: false }\" data-wp-init=\"callbacks.initAccordionItems\" data-wp-on-window--hashchange=\"callbacks.hashChange\" class=\"wp-block-accordion-item is-layout-flow wp-block-accordion-item-is-layout-flow\">\n<h3 class=\"wp-block-accordion-heading\"><button aria-expanded=\"false\" aria-controls=\"accordion-item-2-panel\" data-wp-bind--aria-expanded=\"state.isOpen\" data-wp-on--click=\"actions.toggle\" data-wp-on--keydown=\"actions.handleKeyDown\" id=\"accordion-item-2\" type=\"button\" class=\"wp-block-accordion-heading__toggle\"><span class=\"wp-block-accordion-heading__toggle-title\">Dopo l&#8217;iscrizione<\/span><span class=\"wp-block-accordion-heading__toggle-icon\" aria-hidden=\"true\">+<\/span><\/button><\/h3>\n\n\n\n<div inert aria-labelledby=\"accordion-item-2\" data-wp-bind--inert=\"!state.isOpen\" id=\"accordion-item-2-panel\" role=\"region\" class=\"wp-block-accordion-panel is-layout-flow wp-block-accordion-panel-is-layout-flow\">\n<ol class=\"wp-block-list\">\n<li>Riceverai maglietta e cappello dell&#8217;Associazione<\/li>\n\n\n\n<li>Potrai prendere parte alle donazioni\/iniziative di IRIS ODV<\/li>\n\n\n\n<li>Viaggi\/eventi verranno comunque coperti da assicurazioni (non a tuo carico) in modo da garantire piena sicurezza!<\/li>\n<\/ol>\n<\/div>\n<\/div>\n<\/div>\n\n\n\n<div data-wp-context=\"{ &quot;autoclose&quot;: false, &quot;accordionItems&quot;: [] }\" data-wp-interactive=\"core\/accordion\" role=\"group\" class=\"wp-block-accordion is-layout-flow wp-block-accordion-is-layout-flow\">\n<div data-wp-class--is-open=\"state.isOpen\" data-wp-context=\"{ &quot;id&quot;: &quot;accordion-item-3&quot;, &quot;openByDefault&quot;: false }\" data-wp-init=\"callbacks.initAccordionItems\" data-wp-on-window--hashchange=\"callbacks.hashChange\" class=\"wp-block-accordion-item is-layout-flow wp-block-accordion-item-is-layout-flow\">\n<h3 class=\"wp-block-accordion-heading\"><button aria-expanded=\"false\" aria-controls=\"accordion-item-3-panel\" data-wp-bind--aria-expanded=\"state.isOpen\" data-wp-on--click=\"actions.toggle\" data-wp-on--keydown=\"actions.handleKeyDown\" id=\"accordion-item-3\" type=\"button\" class=\"wp-block-accordion-heading__toggle\"><span class=\"wp-block-accordion-heading__toggle-title\">Per ulteriori informazioni<\/span><span class=\"wp-block-accordion-heading__toggle-icon\" aria-hidden=\"true\">+<\/span><\/button><\/h3>\n\n\n\n<div inert aria-labelledby=\"accordion-item-3\" data-wp-bind--inert=\"!state.isOpen\" id=\"accordion-item-3-panel\" role=\"region\" class=\"wp-block-accordion-panel is-layout-flow wp-block-accordion-panel-is-layout-flow\">\n<div class=\"wp-block-buttons is-layout-flex wp-block-buttons-is-layout-flex\">\n<div class=\"wp-block-button\"><a class=\"wp-block-button__link has-background wp-element-button\" href=\"https:\/\/www.irisonlus.org\/?page_id=43\" style=\"border-top-left-radius:44px;border-top-right-radius:44px;border-bottom-left-radius:44px;border-bottom-right-radius:44px;background-color:#6673cf\">Contattaci<\/a><\/div>\n<\/div>\n<\/div>\n<\/div>\n<\/div>\n\n\n\n<div class=\"wp-block-buttons is-layout-flex wp-block-buttons-is-layout-flex\"><\/div>\n","protected":false},"excerpt":{"rendered":"<p>Entra in Associazione &#8220;Sappiamo cosa deve essere fatto: tutto ci\u00f2 che manca \u00e8 la volont\u00e0 di farlo&#8221; Nelson Mandela.<\/p>\n","protected":false},"author":1,"featured_media":0,"parent":0,"menu_order":0,"comment_status":"closed","ping_status":"closed","template":"","meta":{"footnotes":""},"class_list":["post-1273","page","type-page","status-publish","hentry"],"_links":{"self":[{"href":"http:\/\/www.irisonlus.org\/index.php?rest_route=\/wp\/v2\/pages\/1273","targetHints":{"allow":["GET"]}}],"collection":[{"href":"http:\/\/www.irisonlus.org\/index.php?rest_route=\/wp\/v2\/pages"}],"about":[{"href":"http:\/\/www.irisonlus.org\/index.php?rest_route=\/wp\/v2\/types\/page"}],"author":[{"embeddable":true,"href":"http:\/\/www.irisonlus.org\/index.php?rest_route=\/wp\/v2\/users\/1"}],"replies":[{"embeddable":true,"href":"http:\/\/www.irisonlus.org\/index.php?rest_route=%2Fwp%2Fv2%2Fcomments&post=1273"}],"version-history":[{"count":9,"href":"http:\/\/www.irisonlus.org\/index.php?rest_route=\/wp\/v2\/pages\/1273\/revisions"}],"predecessor-version":[{"id":1460,"href":"http:\/\/www.irisonlus.org\/index.php?rest_route=\/wp\/v2\/pages\/1273\/revisions\/1460"}],"wp:attachment":[{"href":"http:\/\/www.irisonlus.org\/index.php?rest_route=%2Fwp%2Fv2%2Fmedia&parent=1273"}],"curies":[{"name":"wp","href":"https:\/\/api.w.org\/{rel}","templated":true}]}}

<h1 class="wp-block-heading has-text-align-center has-text-color has-link-color wp-elements-19a3a53fde9dc05b5b3b2e877d6d53e8" style="color:#a9eb26;font-size:clamp(25.5px, 1.594rem + ((1vw - 3.2px) * 1.989), 43px);">Entra in Associazione</h1>



<div class="wp-block-media-text is-stacked-on-mobile"><figure class="wp-block-media-text__media"><img loading="lazy" decoding="async" width="740" height="494" src="https://www.irisonlus.org/wp-content/uploads/2026/01/primo-piano-di-persone-volontarie-al-lavoro-di-squadra-che-mettono-il-dito-sulle-mani-a-forma-di-stella-insiemepila-di-maniunita-e-lavoro-di-squadra-nella-giornata-mondiale-dell-ambiente.avif" alt="" class="wp-image-1379 size-full" srcset="http://www.irisonlus.org/wp-content/uploads/2026/01/primo-piano-di-persone-volontarie-al-lavoro-di-squadra-che-mettono-il-dito-sulle-mani-a-forma-di-stella-insiemepila-di-maniunita-e-lavoro-di-squadra-nella-giornata-mondiale-dell-ambiente.avif 740w, http://www.irisonlus.org/wp-content/uploads/2026/01/primo-piano-di-persone-volontarie-al-lavoro-di-squadra-che-mettono-il-dito-sulle-mani-a-forma-di-stella-insiemepila-di-maniunita-e-lavoro-di-squadra-nella-giornata-mondiale-dell-ambiente-300x200.avif 300w" sizes="auto, (max-width: 740px) 100vw, 740px" /></figure><div class="wp-block-media-text__content">
<p class="has-fontsecondary-font-family has-superbfont-large-font-size" style="letter-spacing:1px">&#8220;Sappiamo cosa deve essere fatto: tutto ciò che manca è la volontà di farlo&#8221;</p>



<p class="has-fontsecondary-font-family has-superbfont-large-font-size" style="letter-spacing:1px">Nelson Mandela.</p>
</div></div>



<div data-wp-context="{ &quot;autoclose&quot;: false, &quot;accordionItems&quot;: [] }" data-wp-interactive="core/accordion" role="group" class="wp-block-accordion is-layout-flow wp-block-accordion-is-layout-flow">
<div data-wp-class--is-open="state.isOpen" data-wp-context="{ &quot;id&quot;: &quot;accordion-item-1&quot;, &quot;openByDefault&quot;: false }" data-wp-init="callbacks.initAccordionItems" data-wp-on-window--hashchange="callbacks.hashChange" class="wp-block-accordion-item is-layout-flow wp-block-accordion-item-is-layout-flow">
<h3 class="wp-block-accordion-heading"><button aria-expanded="false" aria-controls="accordion-item-1-panel" data-wp-bind--aria-expanded="state.isOpen" data-wp-on--click="actions.toggle" data-wp-on--keydown="actions.handleKeyDown" id="accordion-item-1" type="button" class="wp-block-accordion-heading__toggle"><span class="wp-block-accordion-heading__toggle-title">Per entrare in Associazione</span><span class="wp-block-accordion-heading__toggle-icon" aria-hidden="true">+</span></button></h3>



<div inert aria-labelledby="accordion-item-1" data-wp-bind--inert="!state.isOpen" id="accordion-item-1-panel" role="region" class="wp-block-accordion-panel is-layout-flow wp-block-accordion-panel-is-layout-flow">
<ol class="wp-block-list">
<li>Contattaci alla <a href="https://www.irisonlus.org/?page_id=43" data-type="link" data-id="https://www.irisonlus.org/?page_id=43">pagina dedicata</a></li>



<li>Compila l&#8217;iscrizione con quota associativa di 15€</li>



<li>Congratulazioni! sei un membro volontario dell&#8217;Associazione IRIS ODV!</li>
</ol>
</div>
</div>
</div>



<div data-wp-context="{ &quot;autoclose&quot;: false, &quot;accordionItems&quot;: [] }" data-wp-interactive="core/accordion" role="group" class="wp-block-accordion is-layout-flow wp-block-accordion-is-layout-flow">
<div data-wp-class--is-open="state.isOpen" data-wp-context="{ &quot;id&quot;: &quot;accordion-item-2&quot;, &quot;openByDefault&quot;: false }" data-wp-init="callbacks.initAccordionItems" data-wp-on-window--hashchange="callbacks.hashChange" class="wp-block-accordion-item is-layout-flow wp-block-accordion-item-is-layout-flow">
<h3 class="wp-block-accordion-heading"><button aria-expanded="false" aria-controls="accordion-item-2-panel" data-wp-bind--aria-expanded="state.isOpen" data-wp-on--click="actions.toggle" data-wp-on--keydown="actions.handleKeyDown" id="accordion-item-2" type="button" class="wp-block-accordion-heading__toggle"><span class="wp-block-accordion-heading__toggle-title">Dopo l&#8217;iscrizione</span><span class="wp-block-accordion-heading__toggle-icon" aria-hidden="true">+</span></button></h3>



<div inert aria-labelledby="accordion-item-2" data-wp-bind--inert="!state.isOpen" id="accordion-item-2-panel" role="region" class="wp-block-accordion-panel is-layout-flow wp-block-accordion-panel-is-layout-flow">
<ol class="wp-block-list">
<li>Riceverai maglietta e cappello dell&#8217;Associazione</li>



<li>Potrai prendere parte alle donazioni/iniziative di IRIS ODV</li>



<li>Viaggi/eventi verranno comunque coperti da assicurazioni (non a tuo carico) in modo da garantire piena sicurezza!</li>
</ol>
</div>
</div>
</div>



<div data-wp-context="{ &quot;autoclose&quot;: false, &quot;accordionItems&quot;: [] }" data-wp-interactive="core/accordion" role="group" class="wp-block-accordion is-layout-flow wp-block-accordion-is-layout-flow">
<div data-wp-class--is-open="state.isOpen" data-wp-context="{ &quot;id&quot;: &quot;accordion-item-3&quot;, &quot;openByDefault&quot;: false }" data-wp-init="callbacks.initAccordionItems" data-wp-on-window--hashchange="callbacks.hashChange" class="wp-block-accordion-item is-layout-flow wp-block-accordion-item-is-layout-flow">
<h3 class="wp-block-accordion-heading"><button aria-expanded="false" aria-controls="accordion-item-3-panel" data-wp-bind--aria-expanded="state.isOpen" data-wp-on--click="actions.toggle" data-wp-on--keydown="actions.handleKeyDown" id="accordion-item-3" type="button" class="wp-block-accordion-heading__toggle"><span class="wp-block-accordion-heading__toggle-title">Per ulteriori informazioni</span><span class="wp-block-accordion-heading__toggle-icon" aria-hidden="true">+</span></button></h3>



<div inert aria-labelledby="accordion-item-3" data-wp-bind--inert="!state.isOpen" id="accordion-item-3-panel" role="region" class="wp-block-accordion-panel is-layout-flow wp-block-accordion-panel-is-layout-flow">
<div class="wp-block-buttons is-layout-flex wp-block-buttons-is-layout-flex">
<div class="wp-block-button"><a class="wp-block-button__link has-background wp-element-button" href="https://www.irisonlus.org/?page_id=43" style="border-top-left-radius:44px;border-top-right-radius:44px;border-bottom-left-radius:44px;border-bottom-right-radius:44px;background-color:#6673cf">Contattaci</a></div>
</div>
</div>
</div>
</div>



<div class="wp-block-buttons is-layout-flex wp-block-buttons-is-layout-flex"></div>

<p>Entra in Associazione &#8220;Sappiamo cosa deve essere fatto: tutto ciò che manca è la volontà di farlo&#8221; Nelson Mandela.</p>
