{"id":16,"date":"2016-10-15T19:16:23","date_gmt":"2016-10-15T17:16:23","guid":{"rendered":"http:\/\/www.irisonlus.org\/?page_id=16"},"modified":"2026-02-06T21:56:26","modified_gmt":"2026-02-06T20:56:26","slug":"chi-siamo","status":"publish","type":"page","link":"http:\/\/www.irisonlus.org\/?page_id=16","title":{"rendered":"Chi siamo"},"content":{"rendered":"\n<h2 class=\"wp-block-heading has-text-align-center has-text-color has-link-color wp-elements-203ab7634f5ea93c9702a823d094c904\" style=\"color:#a9eb26\">Storia dell&#8217;Associazione<\/h2>\n\n\n\n<div class=\"wp-block-media-text is-stacked-on-mobile\" style=\"grid-template-columns:42% auto\"><figure class=\"wp-block-media-text__media\"><img loading=\"lazy\" decoding=\"async\" width=\"360\" height=\"540\" src=\"https:\/\/www.irisonlus.org\/wp-content\/uploads\/2026\/01\/bellissimo-fiore-di-iris-su-uno-sfondo-grigio-chiaro_1210573-624.avif\" alt=\"\" class=\"wp-image-1332 size-full\" srcset=\"http:\/\/www.irisonlus.org\/wp-content\/uploads\/2026\/01\/bellissimo-fiore-di-iris-su-uno-sfondo-grigio-chiaro_1210573-624.avif 360w, http:\/\/www.irisonlus.org\/wp-content\/uploads\/2026\/01\/bellissimo-fiore-di-iris-su-uno-sfondo-grigio-chiaro_1210573-624-200x300.avif 200w\" sizes=\"auto, (max-width: 360px) 100vw, 360px\" \/><\/figure><div class=\"wp-block-media-text__content\">\n<p class=\"has-fontsecondary-font-family\">IRIS, Speranza e positivit\u00e0.<br><br>&#8220;Oggi voglio accorgermi solo della felicit\u00e0 e del bianco dell\u2019iris&#8221;<br><em>Fabrizio Caramagna<\/em><\/p>\n<\/div><\/div>\n\n\n\n<p class=\"has-fontsecondary-font-family has-superbfont-xxsmall-font-size\">Tempo di lettura: 1-2 min<\/p>\n\n\n\n<p class=\"has-fontprimary-font-family has-superbfont-small-font-size\">L\u2019Associazione Iris ODV nasce per la <strong>volont\u00e0 di otto persone <\/strong>che mettendo a disposizione le loro esperienze hanno deciso di donare tempo e energie per il prossimo.<\/p>\n\n\n\n<p class=\"has-fontprimary-font-family has-superbfont-small-font-size\">Come spesso capita le associazioni prendono origine dal venir meno di qualche certezza e dalla volont\u00e0 di taluni di trovare delle risposte a queste incertezze. L\u2019idea di formalizzare un gruppo maturava gi\u00e0 da qualche anno ed emergeva puntualmente in occasione di <strong>eventi particolarmente gravi <\/strong>(tsunami nelle Filippine nel 2004, <strong>Terremoto dell\u2019Aquila<\/strong> nel 2009, <strong>Guerra in Ucraina<\/strong> 2014) dove spesso le grandi associazioni umanitarie si dimostravano lente.<\/p>\n\n\n\n<p class=\"has-fontprimary-font-family has-superbfont-small-font-size\">In questi ultimi due anni attraverso la collaborazione con altre associazioni italiane abbiamo portato &nbsp;<strong>aiuti per le popolazioni <\/strong>residenti in zona di guerra in<strong> Ucraina<\/strong> e in particolare per gli orfanotrofi di quell&#8217;area (consegnati personalmente).<\/p>\n\n\n\n<p class=\"has-fontprimary-font-family has-superbfont-small-font-size\">Nel febbraio 2015 ho conosciuto Katia una bambina ucraina di <strong>5 anni<\/strong> ad una visita medica presso il reparto di pediatria del Gaslini di Genova . L\u2019esito dell\u2019incontro ha confermato la <strong>patologia diagnosticata<\/strong> dal Dipartimento di Immunologia dell\u2019Istituto di Emato-oncologia di Mosca.<\/p>\n\n\n\n<p class=\"has-fontprimary-font-family has-superbfont-small-font-size\">La bambina \u00e8 affetta da <strong>Criopirinopatia<\/strong>, una malattia infiammatoria non infettiva su base genetica che pu\u00f2 essere curata solo con punture giornaliere (sette punture <strong>costano circa 250 euro<\/strong>) di un farmaco a base di Anakindra. Le attivit\u00e0 svolte in questi mesi in forma privata, hanno convinto definitivamente il gruppo della necessit\u00e0 di creare una realt\u00e0 snella, efficace e motivata che non dipenda da strutture spesso lontane dalla realt\u00e0.<\/p>\n\n\n\n<hr class=\"wp-block-separator has-text-color has-alpha-channel-opacity has-background\" style=\"background-color:#3234cf;color:#3234cf\"\/>\n\n\n\n<figure class=\"wp-block-gallery has-nested-images columns-default is-cropped wp-block-gallery-1 is-layout-flex wp-block-gallery-is-layout-flex\">\n<figure class=\"wp-block-image size-large\"><a href=\"https:\/\/www.irisonlus.org\/wp-content\/uploads\/2026\/01\/IMG-ee6f8e762f28981f8e6bcfd8cdf3712f-V-1-edited.jpg\"><img loading=\"lazy\" decoding=\"async\" width=\"1024\" height=\"1024\" data-id=\"1287\" src=\"https:\/\/www.irisonlus.org\/wp-content\/uploads\/2026\/01\/IMG-ee6f8e762f28981f8e6bcfd8cdf3712f-V-1-edited-1024x1024.jpg\" alt=\"\" class=\"wp-image-1287\" srcset=\"http:\/\/www.irisonlus.org\/wp-content\/uploads\/2026\/01\/IMG-ee6f8e762f28981f8e6bcfd8cdf3712f-V-1-edited-1024x1024.jpg 1024w, http:\/\/www.irisonlus.org\/wp-content\/uploads\/2026\/01\/IMG-ee6f8e762f28981f8e6bcfd8cdf3712f-V-1-edited-300x300.jpg 300w, http:\/\/www.irisonlus.org\/wp-content\/uploads\/2026\/01\/IMG-ee6f8e762f28981f8e6bcfd8cdf3712f-V-1-edited-150x150.jpg 150w, http:\/\/www.irisonlus.org\/wp-content\/uploads\/2026\/01\/IMG-ee6f8e762f28981f8e6bcfd8cdf3712f-V-1-edited-768x768.jpg 768w, http:\/\/www.irisonlus.org\/wp-content\/uploads\/2026\/01\/IMG-ee6f8e762f28981f8e6bcfd8cdf3712f-V-1-edited.jpg 1086w\" sizes=\"auto, (max-width: 1024px) 100vw, 1024px\" \/><\/a><\/figure>\n\n\n\n<figure class=\"wp-block-image size-large\"><a href=\"https:\/\/www.irisonlus.org\/wp-content\/uploads\/2026\/01\/image-edited.jpeg\"><img loading=\"lazy\" decoding=\"async\" width=\"183\" height=\"183\" data-id=\"1289\" src=\"https:\/\/www.irisonlus.org\/wp-content\/uploads\/2026\/01\/image-edited.jpeg\" alt=\"\" class=\"wp-image-1289\" srcset=\"http:\/\/www.irisonlus.org\/wp-content\/uploads\/2026\/01\/image-edited.jpeg 183w, http:\/\/www.irisonlus.org\/wp-content\/uploads\/2026\/01\/image-edited-150x150.jpeg 150w\" sizes=\"auto, (max-width: 183px) 100vw, 183px\" \/><\/a><\/figure>\n<\/figure>\n\n\n\n<div class=\"wp-block-buttons alignwide is-content-justification-space-between is-layout-flex wp-container-core-buttons-is-layout-8c5cd02a wp-block-buttons-is-layout-flex\">\n<div class=\"wp-block-button\"><a class=\"wp-block-button__link has-background has-fontsecondary-font-family has-text-align-center wp-element-button\" href=\"https:\/\/www.irisonlus.org\/?page_id=31\" style=\"border-style:none;border-width:0px;border-top-left-radius:59px;border-top-right-radius:59px;border-bottom-left-radius:59px;border-bottom-right-radius:59px;background-color:#3234cf;padding-top:var(--wp--preset--spacing--superbspacing-xxsmall);padding-right:var(--wp--preset--spacing--superbspacing-xxsmall);padding-bottom:var(--wp--preset--spacing--superbspacing-xxsmall);padding-left:var(--wp--preset--spacing--superbspacing-xxsmall)\">INIZIATIVE<\/a><\/div>\n\n\n\n<div class=\"wp-block-button\"><a class=\"wp-block-button__link has-background has-fontsecondary-font-family has-text-align-center wp-element-button\" href=\"https:\/\/www.irisonlus.org\/?page_id=440\" style=\"border-style:none;border-width:0px;border-top-left-radius:59px;border-top-right-radius:59px;border-bottom-left-radius:59px;border-bottom-right-radius:59px;background-color:#3234cf;padding-top:var(--wp--preset--spacing--superbspacing-xxsmall);padding-right:var(--wp--preset--spacing--superbspacing-xxsmall);padding-bottom:var(--wp--preset--spacing--superbspacing-xxsmall);padding-left:var(--wp--preset--spacing--superbspacing-xxsmall)\">COME DONARE<\/a><\/div>\n<\/div>\n\n\n\n<p><\/p>\n\n\n\n<h2 class=\"wp-block-heading has-text-align-center has-text-color has-link-color wp-elements-58d39798d4bf38ae11723aca112ccae7\" style=\"color:#a9eb26\">Statuto ODV<\/h2>\n\n\n\n<p class=\"has-text-align-center has-fontsecondary-font-family has-superbfont-medium-font-size\" style=\"border-style:none;border-width:0px;border-top-left-radius:100px;border-top-right-radius:100px;border-bottom-left-radius:100px;border-bottom-right-radius:100px;line-height:0.3\"><a href=\"http:\/\/www.irisonlus.org\/wp-content\/uploads\/2021\/05\/Statuto-Codice-Fiscale.pdf\" data-type=\"link\" data-id=\"http:\/\/www.irisonlus.org\/wp-content\/uploads\/2021\/05\/Statuto-Codice-Fiscale.pdf\">Scarica ora<\/a> lo statuto<\/p>\n\n\n\n<p><\/p>\n\n\n\n<h2 class=\"wp-block-heading has-text-align-center has-text-color has-link-color wp-elements-bd98bf15b8bcf282ac97e48dba409009\" style=\"color:#a9eb26\">Rendiconti annuali<\/h2>\n\n\n\n<ul class=\"wp-block-list\">\n<li>Relazione annuale e rendiconto <a href=\"https:\/\/www.irisonlus.org\/?page_id=121\" data-type=\"link\" data-id=\"https:\/\/www.irisonlus.org\/?page_id=121\">2015<\/a><\/li>\n\n\n\n<li>Relazione annuale e rendiconto <a href=\"https:\/\/www.irisonlus.org\/?page_id=427\" data-type=\"link\" data-id=\"https:\/\/www.irisonlus.org\/?page_id=427\">2016<\/a><\/li>\n\n\n\n<li>Relazione annuale e rendiconto <a href=\"https:\/\/www.irisonlus.org\/?page_id=845\" data-type=\"link\" data-id=\"https:\/\/www.irisonlus.org\/?page_id=845\">2017<\/a><\/li>\n\n\n\n<li>Relazione annuale e rendiconto <a href=\"https:\/\/www.irisonlus.org\/?page_id=618\" data-type=\"link\" data-id=\"https:\/\/www.irisonlus.org\/?page_id=618\">2018<\/a><\/li>\n\n\n\n<li>Relazione annuale e rendiconto <a href=\"https:\/\/www.irisonlus.org\/?page_id=837\" data-type=\"link\" data-id=\"https:\/\/www.irisonlus.org\/?page_id=837\">2019<\/a><\/li>\n\n\n\n<li>Relazione annuale e rendiconto <a href=\"https:\/\/www.irisonlus.org\/?page_id=963\" data-type=\"link\" data-id=\"https:\/\/www.irisonlus.org\/?page_id=963\">2020<\/a><\/li>\n\n\n\n<li>Relazione annuale e rendiconto <a href=\"https:\/\/www.irisonlus.org\/?page_id=1086\" data-type=\"link\" data-id=\"https:\/\/www.irisonlus.org\/?page_id=1086\">2021<\/a><\/li>\n\n\n\n<li>Relazione annuale e rendiconto <a href=\"https:\/\/www.irisonlus.org\/?page_id=1131\" data-type=\"link\" data-id=\"https:\/\/www.irisonlus.org\/?page_id=1131\">2022<\/a><\/li>\n\n\n\n<li>Relazione annuale e rendiconto <a href=\"https:\/\/www.irisonlus.org\/?page_id=1144\" data-type=\"link\" data-id=\"https:\/\/www.irisonlus.org\/?page_id=1144\">2023<\/a><\/li>\n\n\n\n<li>Relazione annuale e rendiconto <a href=\"https:\/\/www.irisonlus.org\/?page_id=1222\" data-type=\"link\" data-id=\"https:\/\/www.irisonlus.org\/?page_id=1222\">2024<\/a><\/li>\n<\/ul>\n","protected":false},"excerpt":{"rendered":"<p>Storia dell&#8217;Associazione IRIS, Speranza e positivit\u00e0. &#8220;Oggi voglio accorgermi solo della felicit\u00e0 e del bianco dell\u2019iris&#8221;Fabrizio Caramagna Tempo di lettura: 1-2 min L\u2019Associazione Iris ODV nasce per la volont\u00e0 di otto persone che mettendo a disposizione le loro esperienze hanno deciso di donare tempo e energie per il prossimo. Come spesso capita le associazioni prendono [&hellip;]<\/p>\n","protected":false},"author":1,"featured_media":0,"parent":0,"menu_order":0,"comment_status":"closed","ping_status":"closed","template":"","meta":{"footnotes":""},"class_list":["post-16","page","type-page","status-publish","hentry"],"_links":{"self":[{"href":"http:\/\/www.irisonlus.org\/index.php?rest_route=\/wp\/v2\/pages\/16","targetHints":{"allow":["GET"]}}],"collection":[{"href":"http:\/\/www.irisonlus.org\/index.php?rest_route=\/wp\/v2\/pages"}],"about":[{"href":"http:\/\/www.irisonlus.org\/index.php?rest_route=\/wp\/v2\/types\/page"}],"author":[{"embeddable":true,"href":"http:\/\/www.irisonlus.org\/index.php?rest_route=\/wp\/v2\/users\/1"}],"replies":[{"embeddable":true,"href":"http:\/\/www.irisonlus.org\/index.php?rest_route=%2Fwp%2Fv2%2Fcomments&post=16"}],"version-history":[{"count":22,"href":"http:\/\/www.irisonlus.org\/index.php?rest_route=\/wp\/v2\/pages\/16\/revisions"}],"predecessor-version":[{"id":1459,"href":"http:\/\/www.irisonlus.org\/index.php?rest_route=\/wp\/v2\/pages\/16\/revisions\/1459"}],"wp:attachment":[{"href":"http:\/\/www.irisonlus.org\/index.php?rest_route=%2Fwp%2Fv2%2Fmedia&parent=16"}],"curies":[{"name":"wp","href":"https:\/\/api.w.org\/{rel}","templated":true}]}}

<h2 class="wp-block-heading has-text-align-center has-text-color has-link-color wp-elements-203ab7634f5ea93c9702a823d094c904" style="color:#a9eb26">Storia dell&#8217;Associazione</h2>



<div class="wp-block-media-text is-stacked-on-mobile" style="grid-template-columns:42% auto"><figure class="wp-block-media-text__media"><img loading="lazy" decoding="async" width="360" height="540" src="https://www.irisonlus.org/wp-content/uploads/2026/01/bellissimo-fiore-di-iris-su-uno-sfondo-grigio-chiaro_1210573-624.avif" alt="" class="wp-image-1332 size-full" srcset="http://www.irisonlus.org/wp-content/uploads/2026/01/bellissimo-fiore-di-iris-su-uno-sfondo-grigio-chiaro_1210573-624.avif 360w, http://www.irisonlus.org/wp-content/uploads/2026/01/bellissimo-fiore-di-iris-su-uno-sfondo-grigio-chiaro_1210573-624-200x300.avif 200w" sizes="auto, (max-width: 360px) 100vw, 360px" /></figure><div class="wp-block-media-text__content">
<p class="has-fontsecondary-font-family">IRIS, Speranza e positività.<br><br>&#8220;Oggi voglio accorgermi solo della felicità e del bianco dell’iris&#8221;<br><em>Fabrizio Caramagna</em></p>
</div></div>



<p class="has-fontsecondary-font-family has-superbfont-xxsmall-font-size">Tempo di lettura: 1-2 min</p>



<p class="has-fontprimary-font-family has-superbfont-small-font-size">L’Associazione Iris ODV nasce per la <strong>volontà di otto persone </strong>che mettendo a disposizione le loro esperienze hanno deciso di donare tempo e energie per il prossimo.</p>



<p class="has-fontprimary-font-family has-superbfont-small-font-size">Come spesso capita le associazioni prendono origine dal venir meno di qualche certezza e dalla volontà di taluni di trovare delle risposte a queste incertezze. L’idea di formalizzare un gruppo maturava già da qualche anno ed emergeva puntualmente in occasione di <strong>eventi particolarmente gravi </strong>(tsunami nelle Filippine nel 2004, <strong>Terremoto dell’Aquila</strong> nel 2009, <strong>Guerra in Ucraina</strong> 2014) dove spesso le grandi associazioni umanitarie si dimostravano lente.</p>



<p class="has-fontprimary-font-family has-superbfont-small-font-size">In questi ultimi due anni attraverso la collaborazione con altre associazioni italiane abbiamo portato &nbsp;<strong>aiuti per le popolazioni </strong>residenti in zona di guerra in<strong> Ucraina</strong> e in particolare per gli orfanotrofi di quell&#8217;area (consegnati personalmente).</p>



<p class="has-fontprimary-font-family has-superbfont-small-font-size">Nel febbraio 2015 ho conosciuto Katia una bambina ucraina di <strong>5 anni</strong> ad una visita medica presso il reparto di pediatria del Gaslini di Genova . L’esito dell’incontro ha confermato la <strong>patologia diagnosticata</strong> dal Dipartimento di Immunologia dell’Istituto di Emato-oncologia di Mosca.</p>



<p class="has-fontprimary-font-family has-superbfont-small-font-size">La bambina è affetta da <strong>Criopirinopatia</strong>, una malattia infiammatoria non infettiva su base genetica che può essere curata solo con punture giornaliere (sette punture <strong>costano circa 250 euro</strong>) di un farmaco a base di Anakindra. Le attività svolte in questi mesi in forma privata, hanno convinto definitivamente il gruppo della necessità di creare una realtà snella, efficace e motivata che non dipenda da strutture spesso lontane dalla realtà.</p>



<hr class="wp-block-separator has-text-color has-alpha-channel-opacity has-background" style="background-color:#3234cf;color:#3234cf"/>



<figure class="wp-block-gallery has-nested-images columns-default is-cropped wp-block-gallery-1 is-layout-flex wp-block-gallery-is-layout-flex">
<figure class="wp-block-image size-large"><a href="https://www.irisonlus.org/wp-content/uploads/2026/01/IMG-ee6f8e762f28981f8e6bcfd8cdf3712f-V-1-edited.jpg"><img loading="lazy" decoding="async" width="1024" height="1024" data-id="1287" src="https://www.irisonlus.org/wp-content/uploads/2026/01/IMG-ee6f8e762f28981f8e6bcfd8cdf3712f-V-1-edited-1024x1024.jpg" alt="" class="wp-image-1287" srcset="http://www.irisonlus.org/wp-content/uploads/2026/01/IMG-ee6f8e762f28981f8e6bcfd8cdf3712f-V-1-edited-1024x1024.jpg 1024w, http://www.irisonlus.org/wp-content/uploads/2026/01/IMG-ee6f8e762f28981f8e6bcfd8cdf3712f-V-1-edited-300x300.jpg 300w, http://www.irisonlus.org/wp-content/uploads/2026/01/IMG-ee6f8e762f28981f8e6bcfd8cdf3712f-V-1-edited-150x150.jpg 150w, http://www.irisonlus.org/wp-content/uploads/2026/01/IMG-ee6f8e762f28981f8e6bcfd8cdf3712f-V-1-edited-768x768.jpg 768w, http://www.irisonlus.org/wp-content/uploads/2026/01/IMG-ee6f8e762f28981f8e6bcfd8cdf3712f-V-1-edited.jpg 1086w" sizes="auto, (max-width: 1024px) 100vw, 1024px" /></a></figure>



<figure class="wp-block-image size-large"><a href="https://www.irisonlus.org/wp-content/uploads/2026/01/image-edited.jpeg"><img loading="lazy" decoding="async" width="183" height="183" data-id="1289" src="https://www.irisonlus.org/wp-content/uploads/2026/01/image-edited.jpeg" alt="" class="wp-image-1289" srcset="http://www.irisonlus.org/wp-content/uploads/2026/01/image-edited.jpeg 183w, http://www.irisonlus.org/wp-content/uploads/2026/01/image-edited-150x150.jpeg 150w" sizes="auto, (max-width: 183px) 100vw, 183px" /></a></figure>
</figure>



<div class="wp-block-buttons alignwide is-content-justification-space-between is-layout-flex wp-container-core-buttons-is-layout-8c5cd02a wp-block-buttons-is-layout-flex">
<div class="wp-block-button"><a class="wp-block-button__link has-background has-fontsecondary-font-family has-text-align-center wp-element-button" href="https://www.irisonlus.org/?page_id=31" style="border-style:none;border-width:0px;border-top-left-radius:59px;border-top-right-radius:59px;border-bottom-left-radius:59px;border-bottom-right-radius:59px;background-color:#3234cf;padding-top:var(--wp--preset--spacing--superbspacing-xxsmall);padding-right:var(--wp--preset--spacing--superbspacing-xxsmall);padding-bottom:var(--wp--preset--spacing--superbspacing-xxsmall);padding-left:var(--wp--preset--spacing--superbspacing-xxsmall)">INIZIATIVE</a></div>



<div class="wp-block-button"><a class="wp-block-button__link has-background has-fontsecondary-font-family has-text-align-center wp-element-button" href="https://www.irisonlus.org/?page_id=440" style="border-style:none;border-width:0px;border-top-left-radius:59px;border-top-right-radius:59px;border-bottom-left-radius:59px;border-bottom-right-radius:59px;background-color:#3234cf;padding-top:var(--wp--preset--spacing--superbspacing-xxsmall);padding-right:var(--wp--preset--spacing--superbspacing-xxsmall);padding-bottom:var(--wp--preset--spacing--superbspacing-xxsmall);padding-left:var(--wp--preset--spacing--superbspacing-xxsmall)">COME DONARE</a></div>
</div>



<p></p>



<h2 class="wp-block-heading has-text-align-center has-text-color has-link-color wp-elements-58d39798d4bf38ae11723aca112ccae7" style="color:#a9eb26">Statuto ODV</h2>



<p class="has-text-align-center has-fontsecondary-font-family has-superbfont-medium-font-size" style="border-style:none;border-width:0px;border-top-left-radius:100px;border-top-right-radius:100px;border-bottom-left-radius:100px;border-bottom-right-radius:100px;line-height:0.3"><a href="http://www.irisonlus.org/wp-content/uploads/2021/05/Statuto-Codice-Fiscale.pdf" data-type="link" data-id="http://www.irisonlus.org/wp-content/uploads/2021/05/Statuto-Codice-Fiscale.pdf">Scarica ora</a> lo statuto</p>



<p></p>



<h2 class="wp-block-heading has-text-align-center has-text-color has-link-color wp-elements-bd98bf15b8bcf282ac97e48dba409009" style="color:#a9eb26">Rendiconti annuali</h2>



<ul class="wp-block-list">
<li>Relazione annuale e rendiconto <a href="https://www.irisonlus.org/?page_id=121" data-type="link" data-id="https://www.irisonlus.org/?page_id=121">2015</a></li>



<li>Relazione annuale e rendiconto <a href="https://www.irisonlus.org/?page_id=427" data-type="link" data-id="https://www.irisonlus.org/?page_id=427">2016</a></li>



<li>Relazione annuale e rendiconto <a href="https://www.irisonlus.org/?page_id=845" data-type="link" data-id="https://www.irisonlus.org/?page_id=845">2017</a></li>



<li>Relazione annuale e rendiconto <a href="https://www.irisonlus.org/?page_id=618" data-type="link" data-id="https://www.irisonlus.org/?page_id=618">2018</a></li>



<li>Relazione annuale e rendiconto <a href="https://www.irisonlus.org/?page_id=837" data-type="link" data-id="https://www.irisonlus.org/?page_id=837">2019</a></li>



<li>Relazione annuale e rendiconto <a href="https://www.irisonlus.org/?page_id=963" data-type="link" data-id="https://www.irisonlus.org/?page_id=963">2020</a></li>



<li>Relazione annuale e rendiconto <a href="https://www.irisonlus.org/?page_id=1086" data-type="link" data-id="https://www.irisonlus.org/?page_id=1086">2021</a></li>



<li>Relazione annuale e rendiconto <a href="https://www.irisonlus.org/?page_id=1131" data-type="link" data-id="https://www.irisonlus.org/?page_id=1131">2022</a></li>



<li>Relazione annuale e rendiconto <a href="https://www.irisonlus.org/?page_id=1144" data-type="link" data-id="https://www.irisonlus.org/?page_id=1144">2023</a></li>



<li>Relazione annuale e rendiconto <a href="https://www.irisonlus.org/?page_id=1222" data-type="link" data-id="https://www.irisonlus.org/?page_id=1222">2024</a></li>
</ul>

<p>Storia dell&#8217;Associazione IRIS, Speranza e positività. &#8220;Oggi voglio accorgermi solo della felicità e del bianco dell’iris&#8221;Fabrizio Caramagna Tempo di lettura: 1-2 min L’Associazione Iris ODV nasce per la volontà di otto persone che mettendo a disposizione le loro esperienze hanno deciso di donare tempo e energie per il prossimo. Come spesso capita le associazioni prendono [&hellip;]</p>
